{"id":2,"date":"2023-03-03T17:00:43","date_gmt":"2023-03-03T17:00:43","guid":{"rendered":"https:\/\/leticialistening.com\/we-must-meet-podcast\/?page_id=2"},"modified":"2026-02-28T23:04:12","modified_gmt":"2026-02-28T23:04:12","slug":"home","status":"publish","type":"page","link":"https:\/\/leticialistening.com\/we-must-meet-podcast\/es\/","title":{"rendered":"INICIO"},"content":{"rendered":"<div data-elementor-type=\"wp-page\" data-elementor-id=\"2\" class=\"elementor elementor-2\" data-elementor-post-type=\"page\">\n\t\t\t\t<div class=\"elementor-element elementor-element-ef80932 e-flex e-con-boxed e-con e-parent\" data-id=\"ef80932\" data-element_type=\"container\" data-e-type=\"container\">\n\t\t\t\t\t<div class=\"e-con-inner\">\n\t\t<div class=\"elementor-element elementor-element-57ccb28 e-con-full e-flex e-con e-child\" data-id=\"57ccb28\" data-element_type=\"container\" data-e-type=\"container\">\n\t\t\t\t<div class=\"elementor-element elementor-element-a1a45d3 elementor-widget elementor-widget-text-editor\" data-id=\"a1a45d3\" data-element_type=\"widget\" data-e-type=\"widget\" data-widget_type=\"text-editor.default\">\n\t\t\t\t\t\t\t\t\t<p class=\" translation-block\">La lucha por construir una igualdad de g\u00e9nero en Colombia, en especial para la mujer rural, ha sido larga y contin\u00faa. De viva voz, <span style=\"color: #6273dc\"><b>tres lideresas fundadoras de la Asociaci\u00f3n Nacional de Mujeres Campesinas, Ind\u00edgenas y Negras de Colombia <\/b><\/span>- ANMUCIC-, dan cuenta de esa lucha. Tambi\u00e9n narran una estrategia de la que fueron v\u00edctimas a fines de los 90s. Esa estrategia las forz\u00f3 al exilio y logr\u00f3 crear grietas profundas en su organizaci\u00f3n.<\/p><p>Dos d\u00e9cadas despu\u00e9s, en el contexto de justicia transicional que hay en Colombia con la Comisi\u00f3n de la Verdad, la Jurisdicci\u00f3n Especial para la Paz, la Unidad de B\u00fasqueda de Personas Dadas por Desaparecidas, nuestras tres protagonistas deciden que es tiempo de hablar.<\/p><p class=\" translation-block\"><span style=\"color: #6273dc\"><b>Este podcast, dividido en tres actos.<\/span> <\/b>Profundiza en la esperanza de los primeros a\u00f1os de la ANMUCIC, los principales ataques que enfrentaron durante su gesti\u00f3n y las estrategias encontradas por los protagonistas para proteger su vida y la de sus seres queridos. Lo que sigue es una invitaci\u00f3n a romper ese silencio. Hablar, pero reconocer y reparar.<\/p>\t\t\t\t\t\t\t\t<\/div>\n\t\t\t\t<\/div>\n\t\t<div class=\"elementor-element elementor-element-e9f7aea e-con-full e-flex e-con e-child\" data-id=\"e9f7aea\" data-element_type=\"container\" data-e-type=\"container\">\n\t\t\t\t<div class=\"elementor-element elementor-element-abcf2dc elementor-widget elementor-widget-image\" data-id=\"abcf2dc\" data-element_type=\"widget\" data-e-type=\"widget\" data-widget_type=\"image.default\">\n\t\t\t\t\t\t\t\t\t\t\t\t\t\t\t<img fetchpriority=\"high\" decoding=\"async\" width=\"800\" height=\"800\" src=\"https:\/\/leticialistening.com\/we-must-meet-podcast\/wp-content\/uploads\/sites\/3\/2023\/04\/cover_ene.jpg\" class=\"attachment-large size-large wp-image-161\" alt=\"\" srcset=\"https:\/\/leticialistening.com\/we-must-meet-podcast\/wp-content\/uploads\/sites\/3\/2023\/04\/cover_ene.jpg 1000w, https:\/\/leticialistening.com\/we-must-meet-podcast\/wp-content\/uploads\/sites\/3\/2023\/04\/cover_ene-300x300.jpg 300w, https:\/\/leticialistening.com\/we-must-meet-podcast\/wp-content\/uploads\/sites\/3\/2023\/04\/cover_ene-150x150.jpg 150w, https:\/\/leticialistening.com\/we-must-meet-podcast\/wp-content\/uploads\/sites\/3\/2023\/04\/cover_ene-768x768.jpg 768w, https:\/\/leticialistening.com\/we-must-meet-podcast\/wp-content\/uploads\/sites\/3\/2023\/04\/cover_ene-12x12.jpg 12w\" sizes=\"(max-width: 800px) 100vw, 800px\" \/>\t\t\t\t\t\t\t\t\t\t\t\t\t\t\t<\/div>\n\t\t\t\t<div class=\"elementor-element elementor-element-e6c71d0 elementor-widget elementor-widget-text-editor\" data-id=\"e6c71d0\" data-element_type=\"widget\" data-e-type=\"widget\" data-widget_type=\"text-editor.default\">\n\t\t\t\t\t\t\t\t\t<p>Escucha un adelanto aqu\u00ed<\/p>\t\t\t\t\t\t\t\t<\/div>\n\t\t\t\t<div class=\"elementor-element elementor-element-fa0b170 elementor-widget elementor-widget-audio\" data-id=\"fa0b170\" data-element_type=\"widget\" data-e-type=\"widget\" data-widget_type=\"audio.default\">\n\t\t\t\t\t\t\t\t<div class=\"elementor-soundcloud-wrapper\">\n\t\t\t\t<iframe width=\"800\" height=\"200\" frameborder=\"no\" src=\"https:\/\/w.soundcloud.com\/player\/?visual=false&#038;url=https%3A%2F%2Fapi.soundcloud.com%2Ftracks%2F1256898844&#038;show_artwork=false&#038;maxheight=1000&#038;maxwidth=800&#038;auto_play=false&#038;buying=false&#038;liking=false&#038;download=false&#038;sharing=false&#038;show_comments=false&#038;show_playcount=false&#038;show_user=false&#038;color\"><\/iframe>\t\t\t<\/div>\n\t\t\t\t\t\t\t<\/div>\n\t\t\t\t<\/div>\n\t\t\t\t\t<\/div>\n\t\t\t\t<\/div>\n\t\t\t\t<\/div>","protected":false},"excerpt":{"rendered":"<p>The struggle to build gender equality in Colombia, especially for rural women, has been long and continues. Out loud, three founding leaders of the National Association of Peasant, Indigenous and Black Women of Colombia \u2013 ANMUCIC-give an account of that struggle. They also narrate a strategy of which they were victims at the end of [&hellip;]<\/p>\n","protected":false},"author":1,"featured_media":0,"parent":0,"menu_order":0,"comment_status":"closed","ping_status":"closed","template":"","meta":{"_exactmetrics_skip_tracking":false,"_exactmetrics_sitenote_active":false,"_exactmetrics_sitenote_note":"","_exactmetrics_sitenote_category":0,"footnotes":""},"class_list":["post-2","page","type-page","status-publish","hentry"],"_links":{"self":[{"href":"https:\/\/leticialistening.com\/we-must-meet-podcast\/es\/wp-json\/wp\/v2\/pages\/2","targetHints":{"allow":["GET"]}}],"collection":[{"href":"https:\/\/leticialistening.com\/we-must-meet-podcast\/es\/wp-json\/wp\/v2\/pages"}],"about":[{"href":"https:\/\/leticialistening.com\/we-must-meet-podcast\/es\/wp-json\/wp\/v2\/types\/page"}],"author":[{"embeddable":true,"href":"https:\/\/leticialistening.com\/we-must-meet-podcast\/es\/wp-json\/wp\/v2\/users\/1"}],"replies":[{"embeddable":true,"href":"https:\/\/leticialistening.com\/we-must-meet-podcast\/es\/wp-json\/wp\/v2\/comments?post=2"}],"version-history":[{"count":100,"href":"https:\/\/leticialistening.com\/we-must-meet-podcast\/es\/wp-json\/wp\/v2\/pages\/2\/revisions"}],"predecessor-version":[{"id":963,"href":"https:\/\/leticialistening.com\/we-must-meet-podcast\/es\/wp-json\/wp\/v2\/pages\/2\/revisions\/963"}],"wp:attachment":[{"href":"https:\/\/leticialistening.com\/we-must-meet-podcast\/es\/wp-json\/wp\/v2\/media?parent=2"}],"curies":[{"name":"wp","href":"https:\/\/api.w.org\/{rel}","templated":true}]}}

<div data-elementor-type="wp-page" data-elementor-id="2" class="elementor elementor-2" data-elementor-post-type="page">
				<div class="elementor-element elementor-element-ef80932 e-flex e-con-boxed e-con e-parent" data-id="ef80932" data-element_type="container" data-e-type="container">
					<div class="e-con-inner">
		<div class="elementor-element elementor-element-57ccb28 e-con-full e-flex e-con e-child" data-id="57ccb28" data-element_type="container" data-e-type="container">
				<div class="elementor-element elementor-element-a1a45d3 elementor-widget elementor-widget-text-editor" data-id="a1a45d3" data-element_type="widget" data-e-type="widget" data-widget_type="text-editor.default">
									<p class=" translation-block">La lucha por construir una igualdad de género en Colombia, en especial para la mujer rural, ha sido larga y continúa. De viva voz, <span style="color: #6273dc"><b>tres lideresas fundadoras de la Asociación Nacional de Mujeres Campesinas, Indígenas y Negras de Colombia </b></span>- ANMUCIC-, dan cuenta de esa lucha. También narran una estrategia de la que fueron víctimas a fines de los 90s. Esa estrategia las forzó al exilio y logró crear grietas profundas en su organización.</p><p>Dos décadas después, en el contexto de justicia transicional que hay en Colombia con la Comisión de la Verdad, la Jurisdicción Especial para la Paz, la Unidad de Búsqueda de Personas Dadas por Desaparecidas, nuestras tres protagonistas deciden que es tiempo de hablar.</p><p class=" translation-block"><span style="color: #6273dc"><b>Este podcast, dividido en tres actos.</span> </b>Profundiza en la esperanza de los primeros años de la ANMUCIC, los principales ataques que enfrentaron durante su gestión y las estrategias encontradas por los protagonistas para proteger su vida y la de sus seres queridos. Lo que sigue es una invitación a romper ese silencio. Hablar, pero reconocer y reparar.</p>								</div>
				</div>
		<div class="elementor-element elementor-element-e9f7aea e-con-full e-flex e-con e-child" data-id="e9f7aea" data-element_type="container" data-e-type="container">
				<div class="elementor-element elementor-element-abcf2dc elementor-widget elementor-widget-image" data-id="abcf2dc" data-element_type="widget" data-e-type="widget" data-widget_type="image.default">
															<img fetchpriority="high" decoding="async" width="800" height="800" src="https://leticialistening.com/we-must-meet-podcast/wp-content/uploads/sites/3/2023/04/cover_ene.jpg" class="attachment-large size-large wp-image-161" alt="" srcset="https://leticialistening.com/we-must-meet-podcast/wp-content/uploads/sites/3/2023/04/cover_ene.jpg 1000w, https://leticialistening.com/we-must-meet-podcast/wp-content/uploads/sites/3/2023/04/cover_ene-300x300.jpg 300w, https://leticialistening.com/we-must-meet-podcast/wp-content/uploads/sites/3/2023/04/cover_ene-150x150.jpg 150w, https://leticialistening.com/we-must-meet-podcast/wp-content/uploads/sites/3/2023/04/cover_ene-768x768.jpg 768w, https://leticialistening.com/we-must-meet-podcast/wp-content/uploads/sites/3/2023/04/cover_ene-12x12.jpg 12w" sizes="(max-width: 800px) 100vw, 800px" />															</div>
				<div class="elementor-element elementor-element-e6c71d0 elementor-widget elementor-widget-text-editor" data-id="e6c71d0" data-element_type="widget" data-e-type="widget" data-widget_type="text-editor.default">
									<p>Escucha un adelanto aquí</p>								</div>
				<div class="elementor-element elementor-element-fa0b170 elementor-widget elementor-widget-audio" data-id="fa0b170" data-element_type="widget" data-e-type="widget" data-widget_type="audio.default">
								<div class="elementor-soundcloud-wrapper">
				<iframe width="800" height="200" frameborder="no" src="https://w.soundcloud.com/player/?visual=false&#038;url=https%3A%2F%2Fapi.soundcloud.com%2Ftracks%2F1256898844&#038;show_artwork=false&#038;maxheight=1000&#038;maxwidth=800&#038;auto_play=false&#038;buying=false&#038;liking=false&#038;download=false&#038;sharing=false&#038;show_comments=false&#038;show_playcount=false&#038;show_user=false&#038;color"></iframe>			</div>
							</div>
				</div>
					</div>
				</div>
				</div>
