{"id":80,"date":"2023-04-06T15:53:42","date_gmt":"2023-04-06T15:53:42","guid":{"rendered":"https:\/\/leticialistening.com\/we-must-meet-podcast\/?page_id=80"},"modified":"2026-02-28T23:03:05","modified_gmt":"2026-02-28T23:03:05","slug":"about-us","status":"publish","type":"page","link":"https:\/\/leticialistening.com\/we-must-meet-podcast\/es\/about-us\/","title":{"rendered":"SOBRE EL PROYECTO"},"content":{"rendered":"<div data-elementor-type=\"wp-page\" data-elementor-id=\"80\" class=\"elementor elementor-80\" data-elementor-post-type=\"page\">\n\t\t\t\t<div class=\"elementor-element elementor-element-ff0be7d e-flex e-con-boxed e-con e-parent\" data-id=\"ff0be7d\" data-element_type=\"container\" data-e-type=\"container\">\n\t\t\t\t\t<div class=\"e-con-inner\">\n\t\t<div class=\"elementor-element elementor-element-6f26a2b e-con-full e-flex e-con e-child\" data-id=\"6f26a2b\" data-element_type=\"container\" data-e-type=\"container\">\n\t\t\t\t<div class=\"elementor-element elementor-element-b4cdac4 elementor-widget elementor-widget-text-editor\" data-id=\"b4cdac4\" data-element_type=\"widget\" data-e-type=\"widget\" data-widget_type=\"text-editor.default\">\n\t\t\t\t\t\t\t\t\t<p class=\" translation-block\">Un podcast producido por el <span style=\"color: #6273dc\"><b>Laboratorio de Actos de Escucha<\/b>,<\/span>\u00a0Concordia University, Canada\u00a0<b><span style=\"color: #6273dc\">en colaboraci\u00f3n con Leonora, Ingrid y Amanecer, tres lideresas de la Asociaci\u00f3n Nacional de Mujeres Campesinas, Ind\u00edgenas y Negras de Colombia<\/span>\u00a0<\/b>(ANMUCIC) que fueron forzadas al exilio. Se realiz\u00f3 gracias al apoyo del Consejo de Investigaci\u00f3n en Ciencias Sociales y Humanas de Canad\u00e1.<\/p>\t\t\t\t\t\t\t\t<\/div>\n\t\t\t\t<div class=\"elementor-element elementor-element-3756c2e elementor-widget elementor-widget-heading\" data-id=\"3756c2e\" data-element_type=\"widget\" data-e-type=\"widget\" data-widget_type=\"heading.default\">\n\t\t\t\t\t<h1 class=\"elementor-heading-title elementor-size-default\">Creditos<\/h1>\t\t\t\t<\/div>\n\t\t\t\t<div class=\"elementor-element elementor-element-1642e1f elementor-widget elementor-widget-text-editor\" data-id=\"1642e1f\" data-element_type=\"widget\" data-e-type=\"widget\" data-widget_type=\"text-editor.default\">\n\t\t\t\t\t\t\t\t\t<span style=\"background: white; color: unset\"> Luis Carlos Sotelo Castro: <span style=\"color: #6273dc;\">narraci\u00f3n, direcci\u00f3n e investigaci\u00f3n<\/span>\nAndrea D\u00edaz Cardona: <span style=\"color: #6273dc;\">producci\u00f3n y edici\u00f3n<\/span>\nManuela Ochoa Ronderos: <span style=\"color: #6273dc;\">investigaci\u00f3n y producci\u00f3n de campo<\/span>\nDaniel Ruiz-Serna: <span style=\"color: #6273dc;\">investigaci\u00f3n y fact checking<\/span>\nSeluna Fernandez: <span style=\"color: #6273dc;\">identidad gr\u00e1fica y p\u00e1gina web<\/span>\nJosu\u00e9 Moncada: <span style=\"color: #6273dc;\">asistencia editorial<\/span>\nAlana De Vito: <span style=\"color: #6273dc;\">grabaci\u00f3n en estudio<\/span>\nLaura Gallo Tapias: <span style=\"color: #6273dc;\">apoyo psicosocial<\/span>\nDavid Jim\u00e9nez y Camilo Godoy, Rosa Records: <span style=\"color: #6273dc;\">M\u00fasica original y dise\u00f1o sonoro<\/span> <\/span> \t\t\t\t\t\t\t\t<\/div>\n\t\t\t\t<div class=\"elementor-element elementor-element-7cfc462 elementor-widget elementor-widget-heading\" data-id=\"7cfc462\" data-element_type=\"widget\" data-e-type=\"widget\" data-widget_type=\"heading.default\">\n\t\t\t\t\t<h1 class=\"elementor-heading-title elementor-size-default\">Agradecimientos especiales<\/h1>\t\t\t\t<\/div>\n\t\t\t\t<div class=\"elementor-element elementor-element-e936bb8 elementor-widget elementor-widget-text-editor\" data-id=\"e936bb8\" data-element_type=\"widget\" data-e-type=\"widget\" data-widget_type=\"text-editor.default\">\n\t\t\t\t\t\t\t\t\t<span style=\"background: white; color: unset\"> A special thanks to Luc\u00eda Pulido for her interpretation and musical\u00a0advice. Thanks also to Nelly Velandia, Norma Villareal, Pilar Rueda,\u00a0Claudia Mej\u00eda, Marta Liliana Escobar, Paula Villa, Nancy Tapias, Pilar\u00a0Jim\u00e9nez and the Coro a la Escucha for accompanying us during the\u00a0production process.\n\nThe poem \u201cIt was necessary to meet\u201d was written by Amanecer. The\u00a0scripts were developed by Andrea D\u00edaz Cardona and Luis Carlos Sotelo\u00a0Castro <\/span> \t\t\t\t\t\t\t\t<\/div>\n\t\t\t\t<\/div>\n\t\t\t\t\t<\/div>\n\t\t\t\t<\/div>\n\t\t\t\t<\/div>","protected":false},"excerpt":{"rendered":"<p>\u201cWe need to meet\u201d is a podcast produced by the\u00a0Acts of Listening Lab,\u00a0Concordia University, Canada\u00a0in collaboration with Leonora, Ingrid and Amanecer, three leaders of the National Association of Campesinas, Indigenous and Black Women of Colombia\u00a0(ANMUCIC) who were forced to exile. It was made possible thanks to the support of the Social and Human Sciences Research [&hellip;]<\/p>\n","protected":false},"author":1,"featured_media":0,"parent":0,"menu_order":0,"comment_status":"closed","ping_status":"closed","template":"","meta":{"_exactmetrics_skip_tracking":false,"_exactmetrics_sitenote_active":false,"_exactmetrics_sitenote_note":"","_exactmetrics_sitenote_category":0,"footnotes":""},"class_list":["post-80","page","type-page","status-publish","hentry"],"_links":{"self":[{"href":"https:\/\/leticialistening.com\/we-must-meet-podcast\/es\/wp-json\/wp\/v2\/pages\/80","targetHints":{"allow":["GET"]}}],"collection":[{"href":"https:\/\/leticialistening.com\/we-must-meet-podcast\/es\/wp-json\/wp\/v2\/pages"}],"about":[{"href":"https:\/\/leticialistening.com\/we-must-meet-podcast\/es\/wp-json\/wp\/v2\/types\/page"}],"author":[{"embeddable":true,"href":"https:\/\/leticialistening.com\/we-must-meet-podcast\/es\/wp-json\/wp\/v2\/users\/1"}],"replies":[{"embeddable":true,"href":"https:\/\/leticialistening.com\/we-must-meet-podcast\/es\/wp-json\/wp\/v2\/comments?post=80"}],"version-history":[{"count":130,"href":"https:\/\/leticialistening.com\/we-must-meet-podcast\/es\/wp-json\/wp\/v2\/pages\/80\/revisions"}],"predecessor-version":[{"id":957,"href":"https:\/\/leticialistening.com\/we-must-meet-podcast\/es\/wp-json\/wp\/v2\/pages\/80\/revisions\/957"}],"wp:attachment":[{"href":"https:\/\/leticialistening.com\/we-must-meet-podcast\/es\/wp-json\/wp\/v2\/media?parent=80"}],"curies":[{"name":"wp","href":"https:\/\/api.w.org\/{rel}","templated":true}]}}

<div data-elementor-type="wp-page" data-elementor-id="80" class="elementor elementor-80" data-elementor-post-type="page">
				<div class="elementor-element elementor-element-ff0be7d e-flex e-con-boxed e-con e-parent" data-id="ff0be7d" data-element_type="container" data-e-type="container">
					<div class="e-con-inner">
		<div class="elementor-element elementor-element-6f26a2b e-con-full e-flex e-con e-child" data-id="6f26a2b" data-element_type="container" data-e-type="container">
				<div class="elementor-element elementor-element-b4cdac4 elementor-widget elementor-widget-text-editor" data-id="b4cdac4" data-element_type="widget" data-e-type="widget" data-widget_type="text-editor.default">
									<p class=" translation-block">Un podcast producido por el <span style="color: #6273dc"><b>Laboratorio de Actos de Escucha</b>,</span> Concordia University, Canada <b><span style="color: #6273dc">en colaboración con Leonora, Ingrid y Amanecer, tres lideresas de la Asociación Nacional de Mujeres Campesinas, Indígenas y Negras de Colombia</span> </b>(ANMUCIC) que fueron forzadas al exilio. Se realizó gracias al apoyo del Consejo de Investigación en Ciencias Sociales y Humanas de Canadá.</p>								</div>
				<div class="elementor-element elementor-element-3756c2e elementor-widget elementor-widget-heading" data-id="3756c2e" data-element_type="widget" data-e-type="widget" data-widget_type="heading.default">
					<h1 class="elementor-heading-title elementor-size-default">Creditos</h1>				</div>
				<div class="elementor-element elementor-element-1642e1f elementor-widget elementor-widget-text-editor" data-id="1642e1f" data-element_type="widget" data-e-type="widget" data-widget_type="text-editor.default">
									<span style="background: white; color: unset"> Luis Carlos Sotelo Castro: <span style="color: #6273dc;">narración, dirección e investigación</span>
Andrea Díaz Cardona: <span style="color: #6273dc;">producción y edición</span>
Manuela Ochoa Ronderos: <span style="color: #6273dc;">investigación y producción de campo</span>
Daniel Ruiz-Serna: <span style="color: #6273dc;">investigación y fact checking</span>
Seluna Fernandez: <span style="color: #6273dc;">identidad gráfica y página web</span>
Josué Moncada: <span style="color: #6273dc;">asistencia editorial</span>
Alana De Vito: <span style="color: #6273dc;">grabación en estudio</span>
Laura Gallo Tapias: <span style="color: #6273dc;">apoyo psicosocial</span>
David Jiménez y Camilo Godoy, Rosa Records: <span style="color: #6273dc;">Música original y diseño sonoro</span> </span> 								</div>
				<div class="elementor-element elementor-element-7cfc462 elementor-widget elementor-widget-heading" data-id="7cfc462" data-element_type="widget" data-e-type="widget" data-widget_type="heading.default">
					<h1 class="elementor-heading-title elementor-size-default">Agradecimientos especiales</h1>				</div>
				<div class="elementor-element elementor-element-e936bb8 elementor-widget elementor-widget-text-editor" data-id="e936bb8" data-element_type="widget" data-e-type="widget" data-widget_type="text-editor.default">
									<span style="background: white; color: unset"> A special thanks to Lucía Pulido for her interpretation and musical advice. Thanks also to Nelly Velandia, Norma Villareal, Pilar Rueda, Claudia Mejía, Marta Liliana Escobar, Paula Villa, Nancy Tapias, Pilar Jiménez and the Coro a la Escucha for accompanying us during the production process.

The poem “It was necessary to meet” was written by Amanecer. The scripts were developed by Andrea Díaz Cardona and Luis Carlos Sotelo Castro </span> 								</div>
				</div>
					</div>
				</div>
				</div>
